 - -189. What is the units digit of u?
7
Suppose -3*p = -5*i - 1389 - 477, 605 = p + 4*i. Suppose p = 2*x + 3*w, -4*x - 6*w + 2*w = -1240. What is the hundreds digit of x?
3
Let x(v) = v**3 - 34*v**2 + 4*v + 40. Suppose 2*a = -3*w + 115, 0 = -2*w - 3*a + 20 + 65. What is the thousands digit of x(w)?
1
Let f = -5253 - -15767. What is the units digit of f?
4
Let x(r) = -r - 75. Let h(g) = -g - 37. Let v(i) = -5*h(i) + 2*x(i). Let q(y) = 14*y**2 - 24*y + 17. Let w be q(1). What is the units digit of v(w)?
6
Let g = -6615 + 26612. What is the tens digit of g?
9
Let q = -11397 + 29843. What is the ten thousands digit of q?
1
Let h = -44 + 35. Let u be 6 + h + -2 + 3. Let o = 64 - u. What is the units digit of o?
6
What is the hundreds digit of (249/(-9))/(12/(-14 - 4414))?
2
Let x be (3*(-10)/15)/((-2)/316). Suppose 3*f = 5*f - x. Suppose u + f = 5*m, 4*u = -0*m + m - 24. What is the units digit of m?
2
Suppose -4*b - l + 1947 = 0, -3*b + 1473 = -2*l + 7*l. Let k(t) = 46*t. Let w be k(0). Suppose z + 3 = w, b = i + 2*i + z. What is the hundreds digit of i?
1
Suppose 29*i + 1309501 - 3822902 = 0. What is the units digit of i?
9
Let q(g) = 245*g**2 - 214*g + 1569. What is the ten thousands digit of q(7)?
1
Let j(w) = 80*w**2 + 7*w + 4. Let s be j(6). Suppose 4*n = s - 894. What is the tens digit of n?
0
Suppose 4*a - 22 = -2*d, -a + 4*d + 7 = -12. Suppose -a*o = -12*o + 790. Let p = -66 + o. What is the units digit of p?
2
Let m(p) = -512*p + 462. What is the thousands digit of m(-30)?
5
Let l(t) = t**3 + 20*t**2 + 49*t - 23. Let k be l(-17). Let y(r) = -2*r**3 + 2*r**2 + r - 1. Let d be y(-2). Suppose -2*v + d = -k. What is the tens digit of v?
1
Let d = -114 - -120. What is the tens digit of (-3)/2*16/d + 109?
0
Let j = -53363 + 104855. What is the tens digit of j?
9
Let k(o) = 6*o - 60. Let i be k(9). Let z be (4/i)/((-40)/7500). Suppose -6*n + z = -5*n. What is the hundreds digit of n?
1
Suppose 3*w - 262 = 95. Suppose 41*v = -37*v. Suppose l + 3*x - w = -v*l, -4*x - 140 = -l. What is the units digit of l?
8
Let j be 429/104 + (-1 + 2)/(-8). Suppose 3*x = -3, -5*m + j*x + 462 = -97. Suppose 2*g = -g + m. What is the units digit of g?
7
Suppose 3*x = 4*t - 74, 1 + 69 = 4*t - 5*x. Let y be (-5)/(-2)*(-1)/((-5)/92). Suppose t - y = -2*p. What is the tens digit of p?
1
Suppose -2672*y + 2673*y = 934. What is the hundreds digit of y?
9
Let s be (-12)/9 - 11912/(-24). Suppose -s = -a - 2*a. What is the hundreds digit of a?
1
Suppose -3*s + 1540 = h, 5*s - 2*s - 6115 = -4*h. What is the hundreds digit of h + 48/(-8) + 5?
5
Suppose 216*z - 178*z = 7828. What is the hundreds digit of z?
2
Let n(v) = v**2 - v + 14. Let b be n(7). Suppose -25*d + b*d - 31992 = 0. What is the hundreds digit of d?
0
Let a(z) = z**2 + 8*z - 33. Suppose -4*m + 72 = b + 3*b, -5*m + 81 = 2*b. Let i be a(m). Let k = i - 179. What is the tens digit of k?
3
Suppose 169*i + 32700 = 89*i + 85*i. What is the tens digit of i?
4
Let q(o) = -o**3 + 5*o**2 + 16*o - 15. Suppose a + 2*t - 5 = -13, -t - 3 = 0. Let r be (a/(-10) + (-8 - -9))*5. What is the units digit of q(r)?
5
What is the thousands digit of (-195508)/(-148) - (-6)/1?
1
Let a(t) = 5*t**2 - 8*t + 24. Let u be a(5). Let l = -105 + u. Suppose -b + 138 = 4*r, -l*b + 497 = 5*r - 33. What is the units digit of b?
0
Suppose 4*o - 6368 = 15236. What is the tens digit of o?
0
Suppose 44169 = -3*k - 2*i + 176717, 3*i = -2*k + 88377. What is the ten thousands digit of k?
4
Suppose -f + 4*f - 4*d - 2856 = 0, -2*d + 972 = f. What is the hundreds digit of f?
9
Suppose -375 = -3*z - 2*u, 0 = z - 6*z + u + 625. Let p = 186 + z. What is the units digit of p?
1
Let l be (-1)/(1*(-4)/20). Suppose l*c = -8*a + 9*a, 4*c = 8. Suppose 0 = 5*p - a, 5*q - 6*q - 3*p + 201 = 0. What is the units digit of q?
5
Suppose -30*r = -8*r - 207570. Suppose 8*q + 1747 = r. What is the tens digit of q?
6
Let g be -2*(-3)/(-9)*-12. Let v be (-5)/((-20)/g) - (-31 - 2). Suppose v = -4*x + 115. What is the units digit of x?
0
Let c = -146 + 147. What is the tens digit of (-11)/((-44)/(-7272))*c/(-3)?
0
Let w(h) = 29*h - 34. Let y be w(4). Let u(c) = 45 - 51 + y*c + 4*c. What is the units digit of u(2)?
6
Let o(s) = 1345*s**2 + 58*s + 3. What is the tens digit of o(-2)?
6
Let r = -24143 - -48399. What is the thousands digit of r?
4
Let x(l) = 28*l + 379. Let w be x(-13). Suppose 0 = 19*k - w*k - 5*r - 1856, -2*r - 2303 = -5*k. What is the hundreds digit of k?
4
Suppose 5 = 5*z - 5. Suppose 4*p = -i + 358, i + z*i - 84 = -p. Suppose -4*a + 16 = 0, a - p = -3*r + 4*a. What is the tens digit of r?
3
Suppose -3*g - h + 51560 = 0, -4*g - h + 44159 = -24588. What is the thousands digit of g?
7
Let h(n) = 40*n**2 - 2*n + 78. What is the tens digit of h(-20)?
1
Let t be 15 - (9 + -5 - 1). Let n(v) = 2*v**2 - 2*v - 19. What is the hundreds digit of n(t)?
2
What is the units digit of 381122/42 - (-3)/(-9)?
4
Let l(y) = 14*y**2 - 37*y - 149. Let h(z) = -5*z**2 + 12*z + 49. Let f(v) = -7*h(v) - 2*l(v). What is the units digit of f(-8)?
3
Suppose 7 = 2*p - y, -y = 2*p - 5*p + 12. Let s(r) = 18*r**2 - p*r**3 + 6*r**3 - 60 + 10*r + 73. What is the tens digit of s(-17)?
3
Let x = 2043 - 2046. Suppose -5*r = 42 + 3. What is the tens digit of (r/x - 16 - -1)/(-1)?
1
Suppose 7*f - 3*f - 816 = 0. Let n = -82 + f. Suppose 2*h + 5*q + 1 = 32, 0 = -4*h + 2*q + n. What is the tens digit of h?
2
Let a = 420 - 202. Suppose -a*c + 2496 = -215*c. What is the units digit of c?
2
Let x(s) = 727*s - 36. What is the thousands digit of x(12)?
8
What is the tens digit of ((-1)/(-2))/((-29)/(-24737))*16?
2
Let c(g) be the third derivative of g**4/8 + 17*g**3/3 - 5*g**2 + 8*g. Suppose -2*r - 32 = -4*s + r, 0 = -3*s + r + 29. What is the units digit of c(s)?
7
Let w(h) = 5*h**3 - 4*h**2 + 5*h - 8. Let r = 106 - 102. What is the hundreds digit of w(r)?
2
Suppose -4*y - 44 = 12. Let a = -12 + y. Let s = 65 + a. What is the units digit of s?
9
Let c = -103131 - -153901. What is the tens digit of c?
7
Suppose 0 = 9*f + 61*f - 750050. What is the hundreds digit of f?
7
Suppose 0 = -3*j + 21261 - 5958. Suppose 4*h - j = -1157. What is the units digit of h?
6
Let d(w) be the third derivative of w**5/30 - 3*w**4/8 + 3*w**3/2 - 45*w**2. What is the hundreds digit of d(-8)?
2
Let x(g) = 770*g**2 - 60*g - 157. What is the hundreds digit of x(-3)?
9
Let z(m) = -2*m**2 + 100*m + 652. What is the tens digit of z(52)?
4
Let v = -15196 + 27197. What is the tens digit of v?
0
Let i be (-7 + 4)*(-4)/6 - -188. Let r = i + -174. What is the units digit of r?
6
Let d(k) = -k - 67. Let z be d(-9). Let l = 58 + z. Suppose -2*y + 30 = -l*y. What is the units digit of y?
5
Let m be (4/(-3))/(4/(-9)). Suppose -t = -m + 1, 0 = 4*r + 3*t - 18. Suppose r*q - 53 = -8. What is the tens digit of q?
1
Let y(b) = -2*b**3 + 12*b**2 + b. Let d be y(6). Suppose 4327 = d*n - 1685. What is the hundreds digit of n?
0
Suppose l - 97 = 2*c, -2*l + 3*c = 2*l - 378. Let f = 91 - l. What is the units digit of 580/40 - f/(-4)?
4
Suppose 27*m - 25*m - 114 = 0. What is the tens digit of (-93 - m)*(1 - 14)?
5
Let t = -294 + 18593. What is the hundreds digit of t?
2
Suppose -213*s = 1282969 - 2958465 - 1971916. What is the units digit of s?
4
Let m = 73389 - 23109. What is the ten thousands digit of m?
5
Suppose -25*l - 17*l + 1147814 = -5*l. What is the thousands digit of l?
1
Suppose -126 = -0*n - 3*n + 3*f, 6 = 2*f. Let g = -50 + n. Let u(j) = 4*j**2 - 4*j - 6. What is the tens digit of u(g)?
1
Let a(r) be the first derivative of -2*r**3/3 - 7*r**2 + 3*r - 182. What is the tens digit of a(-5)?
2
Suppose -2*s - 5*x - 2515 = 0, -378 = 2*s - 5*x + 2087. Let j = s - -1841. What is the units digit of j?
6
Let w = 441 - 413. What is the units digit of w/462 + (-143340)/(-198)?
4
Suppose q + 3*q = 2*y - 30, 4*y = -q + 15. Suppose 2*n = 5*k + 454, 2*k = y*n - 983 - 173. What is the tens digit of n?
3
Let f(g) = 5*g**2 + 5*g + 5. Let l be 3 + 16/12 - 4/(-6). Suppose -4*q - 7 = 5*o - 0, -o + q - l = 0. What is the tens digit of f(o)?
3
Let b be -26 + 30 + 0 + 2*-1. What is the units digit of (-1)/(b*4/(-4864))?
8
Let n = 1276 - 784. What is the tens digit of n?
9
Let f(n) = 4*n**2 - 2*n - 9. Let j be f(-2). Suppose -j*d + 10*d = -477. Suppose -3*s + 3*g +